What is the ten thousands digit of 199196447?
9
What is the tens digit of 1307041784?
8
What is the hundreds digit of 49535377?
3
What is the millions digit of 493728625?
3
What is the millions digit of 605084419?
5
What is the hundred thousands digit of 91764299?
7
What is the units digit of 130753930?
0
What is the thousands digit of 41603463?
3
What is the ten thousands digit of 132057747?
5
What is the hundred thousands digit of 522565057?
5
What is the tens digit of 78307160?
6
What is the thousands digit of 118415188?
5
What is the ten thousands digit of 330483544?
8
What is the units digit of 2574438835?
5
What is the thousands digit of 1780067619?
7
What is the ten millions digit of 137941985?
3
What is the hundreds digit of 18618940?
9
What is the ten thousands digit of 2186684494?
8
What is the ten millions digit of 725317538?
2
What is the hundreds digit of 5426324136?
1
What is the thousands digit of 435865517?
5
What is the tens digit of 123957849?
4
What is the hundred millions digit of 2432703949?
4
What is the hundred thousands digit of 117311569?
3
What is the units digit of 1112488238?
8
What is the hundred millions digit of 1945384818?
9
What is the hundreds digit of 918901139?
1
What is the hundred millions digit of 197075441?
1
What is the millions digit of 86416031?
6
What is the hundreds digit of 103248546?
5
What is the hundred thousands digit of 45719203?
7
What is the tens digit of 31141889?
8
What is the ten thousands digit of 16906072?
0
What is the units digit of 10811944?
4
What is the thousands digit of 242244596?
4
What is the ten millions digit of 36125882?
3
What is the units digit of 972728155?
5
What is the thousands digit of 1305842520?
2
What is the hundreds digit of 70061165?
1
What is the units digit of 1662394415?
5
What is the hundreds digit of 550069598?
5
What is the ten millions digit of 2782522144?
8
What is the hundreds digit of 233763475?
4
What is the units digit of 464449788?
8
What is the millions digit of 3582435946?
2
What is the ten thousands digit of 366795098?
9
What is the hundred millions digit of 1186678091?
1
What is the hundreds digit of 158029194?
1
What is the hundred thousands digit of 8410381424?
3
What is the ten millions digit of 3185512413?
8
What is the hundred thousands digit of 99892831?
8
What is the thousands digit of 20543960?
3
What is the thousands digit of 6981901881?
1
What is the millions digit of 182370557?
2
What is the tens digit of 357823732?
3
What is the ten millions digit of 71708462?
7
What is the thousands digit of 218829050?
9
What is the millions digit of 3845598306?
5
What is the thousands digit of 273774569?
4
What is the ten thousands digit of 27150238?
5
What is the billions digit of 1342297811?
1
What is the hundred thousands digit of 68831540?
8
What is the units digit of 115713972?
2
What is the hundred thousands digit of 1536387861?
3
What is the hundred thousands digit of 63397422?
3
What is the thousands digit of 35173279?
3
What is the ten thousands digit of 468906799?
0
What is the millions digit of 28460442?
8
What is the ten thousands digit of 242014261?
1
What is the hundred thousands digit of 25613985?
6
What is the units digit of 2961641542?
2
What is the ten millions digit of 70838633?
7
What is the ten millions digit of 20342248?
2
What is the billions digit of 2306249471?
2
What is the units digit of 450227916?
6
What is the hundred thousands digit of 50642655?
6
What is the tens digit of 405582474?
7
What is the ten thousands digit of 83925400?
2
What is the tens digit of 50311582?
8
What is the hundred thousands digit of 1028064666?
0
What is the units digit of 131394824?
4
What is the hundreds digit of 616862057?
0
What is the hundred millions digit of 1702971891?
7
What is the hundred thousands digit of 423115961?
1
What is the hundred millions digit of 137455858?
1
What is the thousands digit of 259015277?
5
What is the millions digit of 3100602178?
0
What is the millions digit of 4892247035?
2
What is the thousands digit of 82236391?
6
What is the tens digit of 5121518910?
1
What is the hundred thousands digit of 10801824?
8
What is the millions digit of 5619233132?
9
What is the thousands digit of 890826057?
6
What is the hundred thousands digit of 59321277?
3
What is the tens digit of 54329159?
5
What is the tens digit of 13237617?
1
What is the millions digit of 168376779?
8
What is the ten millions digit of 49179384?
4
What is the hundred thousands digit of 6695439366?
4
What is the ten millions digit of 44942324?
4
What is the thousands digit of 1206032031?
2
What is the hundred millions digit of 178669046?
1
What is the tens digit of 334764555?
5
What is the millions digit of 1002997249?
2
What is the ten thousands digit of 3126885051?
8
What is the millions digit of 89520246?
9
What is the hundred thousands digit of 40011106?
0
What is the hundred thousands digit of 898789717?
7
What is the ten millions digit of 2877840244?
7
What is the tens digit of 317223160?
6
What is the hundred millions digit of 293679301?
2
What is the thousands digit of 4694891?
4
What is the ten thousands digit of 66103052?
0
What is the units digit of 7939142969?
9
What is the ten thousands digit of 1949645131?
4
What is the millions digit of 47352897?
7
What is the ten thousands digit of 291491412?
9
What is the ten millions digit of 841106573?
4
What is the ten thousands digit of 2656284497?
8
What is the units digit of 103281664?
4
What is the hundred millions digit of 1970851163?
9
What is the thousands digit of 639314932?
4
What is the millions digit of 885657261?
5
What is the millions digit of 157865586?
7
What is the hundred thousands digit of 140224734?
2
What is the ten thousands digit of 9411154?
1
What is the hundreds digit of 54981655?
6
What is the ten thousands digit of 24886969?
8
What is the millions digit of 227862955?
7
What is the units digit of 263095964?
4
What is the hundred millions digit of 2747639917?
7
What is the thousands digit of 248982856?
2
What is the ten thousands digit of 49775822?
7
What is the thousands digit of 1977165836?
5
What is the tens digit of 42395378?
7
What is the hundreds digit of 18615013?
0
What is the hundred thousands digit of 53937246?
9
What is the units digit of 25106226?
6
What is the units digit of 270944246?
6
What is the ten thousands digit of 765351784?
5
What is the units digit of 10612341?
1
What is the hundred thousands digit of 167005516?
0
What is the ten thousands digit of 75057068?
5
What is the ten thousands digit of 20078767?
7
What is the tens digit of 1694838956?
5
What is the hundreds digit of 338101763?
7
What is the units digit of 861351816?
6
What is the ten thousands digit of 2849120813?
2
What is the tens digit of 736802955?
5
What is the tens digit of 30957147?
4
What is the thousands digit of 15422446?
2
What is the hundreds digit of 2789664?
6
What is the hundred millions digit of 4201610033?
2
What is the ten thousands digit of 75821540?
2
What is the ten thousands digit of 1273024554?
2
What is the units digit of 1080380665?
5
What is the ten thousands digit of 139998715?
9
What is the millions digit of 1077225617?
7
What is the hundred thousands digit of 34968816?
9
What is the thousands digit of 4105153051?
3
What is the tens digit of 226698543?
4
What is the ten thousands digit of 28211329?
1
What is the tens digit of 26203040?
4
What is the units digit of 217260980?
0
What is the hundred thousands digit of 279309488?
3
What is the millions digit of 4279988663?
9
What is the hundred millions digit of 1081323915?
0
What is the hundreds digit of 376007358?
3
What is the tens digit of 345743170?
7
What is the hundreds digit of 37770285?
2
What is the millions digit of 852478831?
2
What is the millions digit of 190289619?
0
What is the hundreds digit of 1694122138?
1
What is the hundred thousands digit of 76353818?
3
What is the ten millions digit of 86381198?
8
What is the millions digit of 67863556?
7
What is the hundred millions digit of 5336866151?
3
What is the millions digit of 322627457?
2
What is the hundred thousands digit of 91712067?
7
What is the millions digit of 843237341?
3
What is the hundred millions digit of 139740744?
1
What is the ten thousa